 what is 10 - -2321332113?
2321332123
In base 3, what is -122021122 - 22020?
-122120212
In base 5, what is 111044 + -22311303?
-22200204
In base 12, what is -1367021 + -152?
-1367173
In base 14, what is 5d0 + 336a?
395a
In base 2, what is 10111011100000110110111001 + 100?
10111011100000110110111101
In base 14, what is 2ad - -50900?
50bad
In base 5, what is -32442243 + 1411?
-32440332
In base 6, what is 2334001005 + 111?
2334001120
In base 11, what is -1a3471 - -44?
-1a3428
In base 5, what is 422 + 3221211?
3222133
In base 13, what is 57 - -1b6c5c?
1b6cb6
In base 4, what is -3321100021321 - 10?
-3321100021331
In base 13, what is -5 + 85350?
85348
In base 5, what is 2143 - -204044?
211242
In base 6, what is -54 - 11010235?
-11010333
In base 7, what is 46666 + 4650?
54646
In base 16, what is -29b2d - -26d?
-298c0
In base 5, what is 1004242410 - 0?
1004242410
In base 3, what is 101210 - -201102022?
201211002
In base 2, what is -11001011001 + 10000111011000011?
10000100001101010
In base 9, what is -340323 + 104?
-340218
In base 2, what is -1010010001010001 - -110?
-1010010001001011
In base 3, what is -1002 - 2111220102011?
-2111220110020
In base 9, what is -1203 + 142?
-1051
In base 8, what is 3 - 2545307?
-2545304
In base 2, what is 1011001111111101100001 + -1000?
1011001111111101011001
In base 2, what is -10101110000110101000 + 110000?
-10101110000101111000
In base 5, what is 1303 - -322124?
323432
In base 3, what is 11200112 - 221122021?
-202221202
In base 5, what is 2020403424 - 220?
2020403204
In base 5, what is -10421121213 - 0?
-10421121213
In base 4, what is -31023003222 - -21?
-31023003201
In base 13, what is 2055a - -1cc6?
22553
In base 7, what is -4 - 24605525?
-24605532
In base 5, what is -2112 - 11001230?
-11003342
In base 3, what is 11110010120 + -220?
11110002200
In base 10, what is -7 - -5029264?
5029257
In base 10, what is -355 + 74823?
74468
In base 4, what is -3113 - -31001?
21222
In base 7, what is -1061165065 + -1?
-1061165066
In base 13, what is 41416929 - 4?
41416925
In base 12, what is -a - -3767a?
37670
In base 6, what is 5024433 + -1232?
5023201
In base 15, what is a6 + -2161c?
-21566
In base 14, what is -d040 + -ca7?
-dd07
In base 3, what is 1102020 + 100110101202?
100111210222
In base 4, what is 2 + -232221030011?
-232221030003
In base 10, what is 140 + -390623?
-390483
In base 14, what is 30 + -54a511?
-54a4c1
In base 12, what is 3b411a7 + 1?
3b411a8
In base 14, what is 1 + -143c2?
-143c1
In base 8, what is -3 - -535614743?
535614740
In base 12, what is 2b8 - 1aa35?
-1a739
In base 6, what is -4 - -1210004003?
1210003555
In base 9, what is 12548461 - -10?
12548471
In base 4, what is 1112331221012 + 11?
1112331221023
In base 9, what is -2 + 56703663?
56703661
In base 4, what is 103023 + -2210221?
-2101132
In base 9, what is -50373 + 6058?
-43314
In base 9, what is 54 - 2434414?
-2434350
In base 16, what is -14 + -a2e2?
-a2f6
In base 12, what is 2140b275 + -5?
2140b270
In base 6, what is 1131 - 115215?
-114044
In base 11, what is 0 - -12509278?
12509278
In base 9, what is -64486571 - -2?
-64486568
In base 5, what is 1420302 - -1003342?
2424144
In base 14, what is -356 - 846?
-b9c
In base 2, what is 1000111110101100 + -11010000111?
1000100100100101
In base 9, what is -1641860 + 87?
-1641762
In base 11, what is -41a947a - -1?
-41a9479
In base 8, what is -1154 - -6321?
5145
In base 13, what is 1442 + 2a31c?
2b761
In base 13, what is 549acb + -14?
549ab7
In base 6, what is 5 + -35542441?
-35542432
In base 14, what is 9c8c - -4d71?
10c1d
In base 11, what is -24863 - 563?
-25316
In base 7, what is 5 - 41443656?
-41443651
In base 14, what is b + 51901?
5190c
In base 7, what is -6632202545 + 4?
-6632202541
In base 10, what is 824535752 + 4?
824535756
In base 7, what is 412556363 + 2?
412556365
In base 3, what is 202202122 + -1211012001?
-1001102102
In base 2, what is -10011101100011001010110 + 11?
-10011101100011001010011
In base 13, what is 219520 + 19?
219539
In base 4, what is -101013201123203 + 2?
-101013201123201
In base 15, what is -e68 - -2e67?
1eee
In base 14, what is -2a5 - 50d80?
-51245
In base 6, what is -40 + -14125255?
-14125335
In base 14, what is -2 - 235ad6a9?
-235ad6ab
In base 13, what is -2 + -64399a?
-64399c
In base 5, what is 214040200 + -4?
214040141
In base 5, what is 13 - -2301034430?
2301034443
In base 3, what is 101200012001110 + 22?
101200012001202
In base 4, what is 11133203 + 302032?
12101301
In base 3, what is 1112121222202212022 + -1?
1112121222202212021
In base 13, what is -3 + 27b3a3?
27b3a0
In base 12, what is -155981 + 28b?
-1556b2
In base 15, what is 1320 - 151b2?
-13d92
In base 5, what is -1034024102 + 2?
-1034024100
In base 10, what is 6629 + -1027?
5602
In base 5, what is -12 + 1420334010?
1420333443
In base 15, what is 45bb - 256?
4365
In base 12, what is 28730 - -b4?
28824
In base 12, what is -4 + 9913542a?
99135426
In base 13, what is 36a + a9582?
a991c
In base 5, what is 24313034400 - -11?
24313034411
In base 12, what is -2 + 2a25118a?
2a251188
In base 14, what is -a8978 + 36?
-a8942
In base 2, what is 100110011101 + -11001110101?
1100101000
In base 16, what is -172f - -45e?
-12d1
In base 16, what is -477 + 206ea?
20273
In base 11, what is -281 + -7623?
-78a4
In base 16, what is -d + 4363fe?
4363f1
In base 12, what is 908154 + 4?
908158
In base 3, what is -21002211011200102 + -10?
-21002211011200112
In base 14, what is 146 - 11ab30?
-11a9c8
In base 10, what is -21 + -66141210?
-66141231
In base 5, what is 12210 - -33004204?
33021414
In base 16, what is -2 - -2f0deb?
2f0de9
In base 7, what is -10335103 - -61?
-10335012
In base 8, what is -26 - -2045666?
2045640
In base 14, what is a7 + b657c?
b6645
In base 14, what is -27148 + 163?
-26dc5
In base 13, what is 5 + -15292107?
-15292102
In base 9, what is -736427712 + 4?
-736427707
In base 8, what is -14 - -123001?
122765
In base 8, what is -124112 - -31?
-124061
In base 2, what is 1100010100111100 + 1010100?
1100010110010000
In base 14, what is 3 - 563112?
-56310d
In base 11, what is -67 + 40098?
40031
In base 11, what is -7766 - -245?
-7521
In base 8, what is -13253004 - 12?
-13253016
In base 9, what is -12385 + 5073?
-6312
In base 13, what is 0 + 168689bc?
168689bc
In base 3, what is 12201100221020 + -1?
12201100221012
In base 3, what is 21200011211021122 - -111?
21200011211022010
In base 3, what is 122220101111002 - 1?
122220101111001
In base 14, what is -984a - -ca?
-9760
In base 6, what is -2250134 + -120?
-2250254
In base 3, what is -200002111120201 + 1?
-200002111120200
In base 5, what is 100200130 - 233?
100144342
In base 2, what is -11 + 100011000101001111110010?
100011000101001111101111
In base 14, what is -2 - 1502468?
-150246a
In base 14, what is b8622 - 4?
b861c
In base 2, what is 1010111111100001100100110 + 1?
1010111111100001100100111
In base 7, what is -5 + -10634400?
-10634405
In base 3, what is 1111 + 21102112021?
21102120202
In base 6, what is -31 + 244503020?
244502545
In base 15, what is 147c - -29a?
1727
In base 9, what is 58886 + 3330?
63326
In base 9, what is 243 + -287665?
-287422
In base 16, what is -9 + -9388b3?
-9388bc
In base 14, what is 5b9643 + a8?
5b970b
In base 14, what is -b3 + -141876?
-141949
In base 13, what is 2b - a68237?
-a68209
In base 15, what is -60 + -a3aa2?
-a3b12
In base 7, what is 322 + 254004?
254326
In base 16, what is 4c6 + 2d9ab?
2de71
In base 7, what is -4 + 24526453?
24526446
In base 10, what is 1599562 + 299?
1599861
In base 14, what is -4da - -4816?
431a
In base 14, what is -497 - -d59?
8a2
In base 14, what is -c9 + 2c2a8?
2c1bd
In base 11, what is 292a4 + 209?
29502
In base 11, what is -108a5 - -2167?
-9739
In base 7, what is -5 + 1561665324?
1561665316
In base 4, what is -102110120 + 33?
-102110021
In base 2, what is 10010010001 - 100000111101000?
-11110101010111
In base 6, what is -224423301 - -2?
-224423255
In base 13, what is -21 - -20a4?
2083
In base 16, what is -4 + 323ca3a?
323ca36
In base 8, what is -17025340 - -102?
-17025236
In base 10, what is 420 + -304910?
-304490
In base 7, what is -3212346312 + 2?
-3212346310
In base 10, what is -8 - 83980005?
-83980013
In base 6, what is 3 + 130302515?
130302522
In base 2, what is -11 - 1101001011011100100111?
-1101001011011100101010
